-102002102121?
-102002111122
In base 14, what is 0 + -4b0ddc?
-4b0ddc
In base 3, what is 1112 + -111210100010?
-111210021121
In base 16, what is -549baa + 0?
-549baa
In base 3, what is 21010202000101101 - -11?
21010202000101112
In base 16, what is -42d138e + 0?
-42d138e
In base 2, what is -10000010 - 1010101010001010100?
-1010101010011010110
In base 16, what is 2b6b - -c43?
37ae
In base 5, what is 130013 - -114123?
244141
In base 12, what is 1011633 + -14?
101161b
In base 5, what is -112301401413 + -10?
-112301401423
In base 15, what is 37 - 2395c?
-23925
In base 14, what is 240034 + -a7?
23dd6b
In base 3, what is -101112120200012 - -212?
-101112120122100
In base 7, what is -1314366 - -25?
-1314341
In base 4, what is -103130 + 10003001132?
10002232002
In base 3, what is 101 + 2121011011220202?
2121011011221010
In base 8, what is -675212 - -142?
-675050
In base 6, what is 21 - 22254024?
-22254003
In base 7, what is 3 - 63210414?
-63210411
In base 12, what is 4851 + 2082?
6913
In base 3, what is -110122 + -21112012?
-21222211
In base 6, what is 153255 - 2204?
151051
In base 10, what is -281 - -8062?
7781
In base 13, what is 66 - 5276ba?
-527654
In base 11, what is -39 + 19472?
19434
In base 6, what is -3221 + -5100024?
-5103245
In base 3, what is 10122120 + 1220102?
12112222
In base 6, what is -22022 + 21141?
-441
In base 15, what is 933db50 - 3?
933db4c
In base 4, what is -20230232 + -12310?
-20303202
In base 6, what is 202115311310 - 0?
202115311310
In base 9, what is 40144385 + 57?
40144453
In base 12, what is 993b99 - -19?
993bb6
In base 10, what is -3 - -28302837?
28302834
In base 14, what is 2 - -704a982?
704a984
In base 16, what is -13 - 3c84b?
-3c85e
In base 13, what is 746b27 + 7?
746b31
In base 15, what is -1d40791 + -6?
-1d40797
In base 16, what is 1d78 - 14061?
-122e9
In base 8, what is -5 - 432007362?
-432007367
In base 15, what is d997 + -7ba?
d1cc
In base 10, what is -190257 + -6?
-190263
In base 8, what is 35421 - 3632?
31567
In base 11, what is 44978 + -4215?
40763
In base 12, what is 45 + a7b75?
a7bba
In base 14, what is 2c3cab + -d9?
2c3bb2
In base 2, what is 10000111 + -100110011101100010?
-100110011011011011
In base 13, what is -3 - -bb4a3?
bb4a0
In base 8, what is -275460512 - 4?
-275460516
In base 9, what is 184607 - -615?
185323
In base 15, what is 4631 - -171?
47a2
In base 3, what is 102212220012 - 1021?
102212211221
In base 7, what is 341004 - -35602?
406606
In base 10, what is 38790454 + -5?
38790449
In base 2, what is 1000110110111 + 11110001100100?
100111000011011
In base 10, what is 40 - -63204?
63244
In base 5, what is 131 + 22021132?
22021313
In base 9, what is -442 - -484855?
484413
In base 13, what is -46 - 112551?
-112597
In base 13, what is -3 + 5a4918?
5a4915
In base 16, what is 5478b - -e?
54799
In base 5, what is 312240102 + 34?
312240141
In base 6, what is 3 - -4331350?
4331353
In base 8, what is -2422064 - -1?
-2422063
In base 7, what is -1344 + 32420?
31043
In base 7, what is -132 - -1340352?
1340220
In base 10, what is -242059272 + -1?
-242059273
In base 11, what is -51898a0 + -11?
-5189901
In base 14, what is a1607c + -2?
a1607a
In base 13, what is 5 - 13306388?
-13306383
In base 16, what is 0 + 596ef7?
596ef7
In base 13, what is 174 - 308454?
-3082b0
In base 8, what is 0 + 760375461?
760375461
In base 11, what is -3 + 695247?
695244
In base 8, what is 15130 - 2123?
13005
In base 3, what is 11 + -12102001121102?
-12102001121021
In base 3, what is -2222102121000 + -12?
-2222102121012
In base 7, what is -40606 + 3651?
-33625
In base 6, what is -44431 + 11505?
-32522
In base 4, what is -2 - -2001213210?
2001213202
In base 9, what is -5 + 4422005?
4422000
In base 7, what is -505 - -1416243?
1415435
In base 2, what is -1011101001001001001111101 - -1?
-1011101001001001001111100
In base 13, what is 1c962 + -18b3?
1b07c
In base 14, what is 177100 - 39?
1770a5
In base 11, what is 47 + 3a3a167?
3a3a203
In base 6, what is -143014002 - -11?
-143013551
In base 7, what is 266651546 - 1?
266651545
In base 11, what is -a + 573607?
5735a8
In base 11, what is -11049 - 5302?
-16350
In base 4, what is 32012333 - 2112?
32010221
In base 8, what is 3324 + -122621?
-117275
In base 5, what is 342 + 140022?
140414
In base 13, what is 59b8648 - -8?
59b8653
In base 10, what is 0 - 17842415?
-17842415
In base 4, what is -111001 - 30131202?
-30302203
In base 11, what is 0 - 158a909?
-158a909
In base 15, what is -10480b + 2?
-104809
In base 2, what is 110010100101001 + -1111111000001?
100010101101000
In base 12, what is -1 + 487827?
487826
In base 13, what is 44a - 4080?
-3933
In base 7, what is 231 + -6246516?
-6246255
In base 4, what is 1002113003031 - -3?
1002113003100
In base 8, what is -40 + -355472?
-355532
In base 3, what is -12200212211212222 - -12?
-12200212211212210
In base 12, what is -1814809 + -3?
-1814810
In base 6, what is 4043122320 + 4?
4043122324
In base 11, what is -15358 + 793?
-14675
In base 3, what is 121 - 1001002122200?
-1001002122002
In base 9, what is -13650185 - 18?
-13650214
In base 12, what is -5 - -126b096?
126b091
In base 11, what is 189176 - -512?
189688
In base 5, what is -143221202 + 421?
-143220231
In base 9, what is -2372 - -8030?
5547
In base 5, what is 322144000013 - 4?
322144000004
In base 10, what is -15 - -5318685?
5318670
In base 7, what is -14555 + -6302?
-24160
In base 14, what is -5 + -a8b59d3?
-a8b59d8
In base 7, what is 126 + -52603445?
-52603316
In base 4, what is -1001031230310 + 11?
-1001031230233
In base 10, what is 222160 - -39?
222199
In base 14, what is -1a3 + -190411?
-1905b4
In base 13, what is 364 + -8b?
2a6
In base 9, what is -101334081 + -1?
-101334082
In base 16, what is -3ce19 + bde?
-3c23b
In base 12, what is -75 + -2871a45?
-2871aba
In base 11, what is 54 - -369404?
369458
In base 4, what is 1 - 2221022000032?
-2221022000031
In base 12, what is 10 + 31b7651?
31b7661
In base 6, what is -20 + 3021240?
3021220
In base 8, what is 143553470 + 2?
143553472
In base 12, what is a2b7a - -205?
a3183
In base 2, what is -111 - 1001000010001001101?
-1001000010001010100
In base 3, what is -202102 + 10022011?
2112202
In base 12, what is 17 + -697899?
-697882
In base 6, what is 35002450 + 23?
35002513
In base 4, what is -3102101211 + -110?
-3102101321
In base 6, what is 1021441 + -421?
1021020
In base 13, what is 361119 - -4?
361120
In base 6, what is 4 - 330203025?
-330203021
In base 3, what is 210020102212120 - -10210?
210020110000100
In base 4, what is 12110001331 - -122?
12110002113
In base 12, what is 19b226 - 17?
19b20b
In base 12, what is -73267 + -4a?
-732b5
In base 6, what is -31025 - -1411?
-25214
In base 6, what is 5 - -11511132511?
11511132520
In base 14, what is -d - 171922?
-171931
In base 11, what is 6a4314 - -946?
6a515a
In base 7, what is 4421 - 55551?
-51130
In base 15, what is -77 + -92670?
-926e7
In base 10, what is 442725 + -3?
442722
In base 8, what is -304422016 - 2?
-304422020
In base 6, what is -144 + -21013?
-21201
In base 5, what is 23 - -332022441?
332023014
In base 7, what is 40 + 1401522432?
1401522502
In base 9, what is -34 - 4118666?
-4118711
In base 3, what is 112120002221222 - -11?
112120002222010
In base 9, what is 410006 - 27?
408868
In base 14, what is -3 + -127017?
-12701a
In base 13, what is 49b950 - 56?
49b8c7
In base 15, what is -ac55 - 1aa?
-ae10
In base 6, what is -402515 + -120545?
-523504
In base 12, what is -881b2 - -455?
-87959
In base 5, what is 142202431 + 12?
142202443
In base 3, what is -2020221 - -22000002?
12202011
In base 2, what is -10111101110111100 - 1101011?
-10111110000100111
In base 6, what is 133213440 - 0?
133213440
In base 11, what is 98898 - 394?
98504
In base 14, what is 10d + 2d347?
2d456
In base 3, what is -2001122 + -1220011121?
-1222020020
In base 12, what is -40a5524 - -13?
-40a5511
In base 10, what is -709232 - 8?
-709240
In base 12, what is -26 - 4096a96?
-4096b00
In base 11, what is 14288a + -2712?
140178
In base 10, what is 3 - 915404?
-915401
In base 16, what is -581ab9ef + -4?
-581ab9f3
In base 11, what is -42 + -aaa82?
-100014
In base 3, what is -11 + 1200121112202020?
1200121112202002
In base 13, what is 3a6b4 + 28?
3a70c
In base 16, what is -67176b3 - -3?
-67176b0
In base 13, what is 4cb82a1 + -4?
4cb829